{"id":354,"date":"2023-09-04T09:47:07","date_gmt":"2023-09-04T09:47:07","guid":{"rendered":"https:\/\/immigrationservice-canada.com\/?page_id=354"},"modified":"2023-09-05T13:34:31","modified_gmt":"2023-09-05T13:34:31","slug":"visa-etudiant-canadien","status":"publish","type":"page","link":"https:\/\/serviceimmigrationtaxcanada.ca\/index.php\/visa-etudiant-canadien\/","title":{"rendered":"Visa Etudiant"},"content":{"rendered":"\t\t<div data-elementor-type=\"wp-page\" data-elementor-id=\"354\" class=\"elementor elementor-354\">\n\t\t\t\t\t\t\t<div class=\"elementor-element elementor-element-7b423dd e-flex e-con-boxed e-con\" data-id=\"7b423dd\" data-element_type=\"container\" data-settings=\"{&quot;content_width&quot;:&quot;boxed&quot;}\">\n\t\t\t\t\t<div class=\"e-con-inner\">\n\t\t\t\t<div class=\"elementor-element elementor-element-871f449 elementor-widget elementor-widget-image\" data-id=\"871f449\" data-element_type=\"widget\" data-widget_type=\"image.default\">\n\t\t\t\t<div class=\"elementor-widget-container\">\n\t\t\t<style>\/*! elementor - v3.15.0 - 20-08-2023 *\/\n.elementor-widget-image{text-align:center}.elementor-widget-image a{display:inline-block}.elementor-widget-image a img[src$=\".svg\"]{width:48px}.elementor-widget-image img{vertical-align:middle;display:inline-block}<\/style>\t\t\t\t\t\t\t\t\t\t\t\t<img loading=\"lazy\" decoding=\"async\" width=\"720\" height=\"450\" src=\"https:\/\/serviceimmigrationtaxcanada.ca\/wp-content\/uploads\/2023\/09\/WhatsApp-Image-2023-09-03-a-22.55.39.jpg\" class=\"attachment-large size-large wp-image-372\" alt=\"\" srcset=\"https:\/\/serviceimmigrationtaxcanada.ca\/wp-content\/uploads\/2023\/09\/WhatsApp-Image-2023-09-03-a-22.55.39.jpg 720w, https:\/\/serviceimmigrationtaxcanada.ca\/wp-content\/uploads\/2023\/09\/WhatsApp-Image-2023-09-03-a-22.55.39-300x188.jpg 300w, https:\/\/serviceimmigrationtaxcanada.ca\/wp-content\/uploads\/2023\/09\/WhatsApp-Image-2023-09-03-a-22.55.39-600x375.jpg 600w\" sizes=\"auto, (max-width: 720px) 100vw, 720px\" \/>\t\t\t\t\t\t\t\t\t\t\t\t\t\t\t<\/div>\n\t\t\t\t<\/div>\n\t\t\t\t\t<\/div>\n\t\t\t\t<\/div>\n\t\t<div class=\"elementor-element elementor-element-3301124 e-flex e-con-boxed e-con\" data-id=\"3301124\" data-element_type=\"container\" data-settings=\"{&quot;content_width&quot;:&quot;boxed&quot;}\">\n\t\t\t\t\t<div class=\"e-con-inner\">\n\t\t\t\t<div class=\"elementor-element elementor-element-25b9548 elementor-widget elementor-widget-text-editor\" data-id=\"25b9548\" data-element_type=\"widget\" data-widget_type=\"text-editor.default\">\n\t\t\t\t<div class=\"elementor-widget-container\">\n\t\t\t<style>\/*! elementor - v3.15.0 - 20-08-2023 *\/\n.elementor-widget-text-editor.elementor-drop-cap-view-stacked .elementor-drop-cap{background-color:#69727d;color:#fff}.elementor-widget-text-editor.elementor-drop-cap-view-framed .elementor-drop-cap{color:#69727d;border:3px solid;background-color:transparent}.elementor-widget-text-editor:not(.elementor-drop-cap-view-default) .elementor-drop-cap{margin-top:8px}.elementor-widget-text-editor:not(.elementor-drop-cap-view-default) .elementor-drop-cap-letter{width:1em;height:1em}.elementor-widget-text-editor .elementor-drop-cap{float:left;text-align:center;line-height:1;font-size:50px}.elementor-widget-text-editor .elementor-drop-cap-letter{display:inline-block}<\/style>\t\t\t\t<p>Permis d&rsquo;\u00e9tudes pour le Canada<br \/><br \/>Le Canada poss\u00e8de l&rsquo;un des meilleurs syst\u00e8mes scolaires au monde. Allant des \u00e9coles primaires aux \u00e9coles universitaires et aux \u00e9coles professionnelles. \u00c9tudier au Canada offre une v\u00e9n\u00e9ration internationale et des frais de scolarit\u00e9 inf\u00e9rieurs \u00e0 la normale par rapport aux autres pays.<\/p><p>Si vous souhaitez \u00e9tudier au Canada et que vous n&rsquo;\u00eates pas citoyen canadien ou r\u00e9sident permanent, vous devez avoir un permis d&rsquo;\u00e9tudes valide. Avant de pouvoir demander un permis d&rsquo;\u00e9tudes, vous devez avoir \u00e9t\u00e9 autoris\u00e9 \u00e0 fr\u00e9quenter une \u00e9cole, un coll\u00e8ge ou une universit\u00e9 au Canada. Vous devrez \u00e9galement disposer des bons documents. Afin de demander un permis d&rsquo;\u00e9tudes, un ressortissant \u00e9tranger doit fournir une preuve d&rsquo;admission dans un \u00e9tablissement agr\u00e9\u00e9, une preuve de fonds suffisants pour payer les frais de scolarit\u00e9 et de subsistance, et d\u00e9montrer son intention de rentrer chez lui \u00e0 la fin de ses \u00e9tudes. Vous pouvez obtenir un permis d&rsquo;\u00e9tudes pendant que vous \u00eates dans votre pays ou dans le pays o\u00f9 vous r\u00e9sidez l\u00e9galement. De plus, vous devez toujours vous assurer que votre passeport est valide jusqu&rsquo;\u00e0 la fin de votre p\u00e9riode d&rsquo;\u00e9tudes.<\/p><p>Un permis d&rsquo;\u00e9tudes est un document d\u00e9livr\u00e9 par Immigration, R\u00e9fugi\u00e9s et Citoyennet\u00e9 Canada (IRCC) officiellement Citoyennet\u00e9 et Immigration Canada qui permet \u00e0 un ressortissant \u00e9tranger d&rsquo;\u00e9tudier dans une dur\u00e9e limit\u00e9e, g\u00e9n\u00e9ralement dans un \u00e9tablissement d&rsquo;enseignement canadien sp\u00e9cifique et dans un programme sp\u00e9cifique. Les enfants d\u00e9j\u00e0 au Canada dont les parents ont le statut de r\u00e9sident permanent ou la citoyennet\u00e9 canadienne et qui fr\u00e9quenteront une \u00e9cole pr\u00e9scolaire, primaire ou secondaire ne sont pas tenus d&rsquo;obtenir un permis d&rsquo;\u00e9tudes, \u00e0 l&rsquo;exception des enfants qui accompagnent leurs parents titulaires d&rsquo;un permis de s\u00e9jour temporaire, ou un permis de travail.<br \/>Il est interdit aux ressortissants \u00e9trangers qui obtiennent un permis d&rsquo;\u00e9tudes d&rsquo;exercer un emploi au Canada, \u00e0 moins qu&rsquo;ils n&rsquo;aient un permis de travail hors campus en plus de leur permis d&rsquo;\u00e9tudes. Il existe certaines exceptions \u00e0 cette r\u00e8gle, veuillez contacter notre bureau pour plus d&rsquo;informations concernant les permis d&rsquo;\u00e9tudes et l&#8217;emploi.<\/p><p>Les permis d&rsquo;\u00e9tudes ne seront accord\u00e9s qu&rsquo;aux personnes qui ont \u00e9t\u00e9 accept\u00e9es comme \u00e9tudiants dans des \u00e9tablissements d&rsquo;enseignement d\u00e9sign\u00e9s. De plus, les \u00e9tudiants devront poursuivre leurs \u00e9tudes et progresser vers la fin de leur programme acad\u00e9mique. Les \u00e9tablissements d&rsquo;enseignement d\u00e9sign\u00e9s feront fr\u00e9quemment rapport sur les inscriptions \u00e0 Citoyennet\u00e9 et Immigration Canada. De plus, les \u00e9tudiants \u00e0 temps plein titulaires d&rsquo;un permis d&rsquo;\u00e9tudes valide et d&rsquo;un permis de travail hors campus seront autoris\u00e9s \u00e0 travailler jusqu&rsquo;\u00e0 20 heures par semaine pendant les pauses pr\u00e9vues, y compris les vacances d&rsquo;\u00e9t\u00e9 ou d&rsquo;hiver et les semaines de lecture.<\/p><p>Apr\u00e8s l&rsquo;obtention du dipl\u00f4me<\/p><p>Une fois qu&rsquo;un \u00e9tudiant a termin\u00e9 ses \u00e9tudes au Canada, d&rsquo;autres options s&rsquo;offrent \u00e0 lui s&rsquo;il souhaite travailler ou devenir r\u00e9sident permanent au Canada. Ces options peuvent inclure la demande d&rsquo;un permis de travail postuniversitaire ou d&rsquo;une r\u00e9sidence permanente via le programme Entr\u00e9e express &#8211; Programme de classe de l&rsquo;exp\u00e9rience canadienne, le programme de classe de l&rsquo;exp\u00e9rience qu\u00e9b\u00e9coise ou le Programme des candidats des provinces (PCP).<\/p>\t\t\t\t\t\t<\/div>\n\t\t\t\t<\/div>\n\t\t\t\t\t<\/div>\n\t\t\t\t<\/div>\n\t\t<div class=\"elementor-element elementor-element-443b536 e-flex e-con-boxed e-con\" data-id=\"443b536\" data-element_type=\"container\" data-settings=\"{&quot;content_width&quot;:&quot;boxed&quot;}\">\n\t\t\t\t\t<div class=\"e-con-inner\">\n\t\t\t\t<div class=\"elementor-element elementor-element-a4579c4 elementor-widget elementor-widget-image\" data-id=\"a4579c4\" data-element_type=\"widget\" data-widget_type=\"image.default\">\n\t\t\t\t<div class=\"elementor-widget-container\">\n\t\t\t\t\t\t\t\t\t\t\t\t\t\t\t<img loading=\"lazy\" decoding=\"async\" width=\"720\" height=\"375\" src=\"https:\/\/serviceimmigrationtaxcanada.ca\/wp-content\/uploads\/2023\/09\/WhatsApp-Image-2023-09-03-a-23.00.54.jpg\" class=\"attachment-large size-large wp-image-374\" alt=\"\" srcset=\"https:\/\/serviceimmigrationtaxcanada.ca\/wp-content\/uploads\/2023\/09\/WhatsApp-Image-2023-09-03-a-23.00.54.jpg 720w, https:\/\/serviceimmigrationtaxcanada.ca\/wp-content\/uploads\/2023\/09\/WhatsApp-Image-2023-09-03-a-23.00.54-300x156.jpg 300w, https:\/\/serviceimmigrationtaxcanada.ca\/wp-content\/uploads\/2023\/09\/WhatsApp-Image-2023-09-03-a-23.00.54-600x313.jpg 600w\" sizes=\"auto, (max-width: 720px) 100vw, 720px\" \/>\t\t\t\t\t\t\t\t\t\t\t\t\t\t\t<\/div>\n\t\t\t\t<\/div>\n\t\t\t\t\t<\/div>\n\t\t\t\t<\/div>\n\t\t<div class=\"elementor-element elementor-element-2c51d5d e-flex e-con-boxed e-con\" data-id=\"2c51d5d\" data-element_type=\"container\" data-settings=\"{&quot;content_width&quot;:&quot;boxed&quot;}\">\n\t\t\t\t\t<div class=\"e-con-inner\">\n\t\t\t\t<div class=\"elementor-element elementor-element-d7718d7 elementor-widget elementor-widget-text-editor\" data-id=\"d7718d7\" data-element_type=\"widget\" data-widget_type=\"text-editor.default\">\n\t\t\t\t<div class=\"elementor-widget-container\">\n\t\t\t\t\t\t\t<p>Visa de visiteur canadien<br \/><br \/>Les visas de r\u00e9sident temporaire permettent aux ressortissants \u00e9trangers d&rsquo;entrer temporairement au Canada pour des visites d&rsquo;agr\u00e9ment (normalement touristiques) ou d&rsquo;affaires. Certains ressortissants \u00e9trangers n&rsquo;ont pas besoin de visa de r\u00e9sident temporaire s&rsquo;ils sont citoyens d&rsquo;un pays exempt\u00e9. Si un ressortissant \u00e9tranger n\u2019est pas citoyen d\u2019un pays exempt\u00e9, cette personne doit demander un visa de r\u00e9sident temporaire avant d\u2019entrer au Canada. Les conjoints et les personnes \u00e0 charge de ceux qui r\u00e9sident temporairement au Canada pourraient \u00e9galement devoir obtenir un visa de r\u00e9sident temporaire, selon leur pays d&rsquo;origine.<\/p><p>Si un ressortissant \u00e9tranger titulaire d&rsquo;un visa de r\u00e9sident temporaire pendant son s\u00e9jour au Canada souhaite travailler, cette personne doit obtenir un permis de travail. Le ressortissant \u00e9tranger peut ensuite demander un permis de travail aupr\u00e8s d&rsquo;un consulat, d&rsquo;une ambassade ou d&rsquo;un haut-commissariat du Canada \u00e0 l&rsquo;\u00e9tranger.<br \/>Il existe trois types (3) de visas de r\u00e9sident temporaire :<\/p><p>Visa \u00e0 entr\u00e9e unique \u2013 cela permet au ressortissant \u00e9tranger une seule entr\u00e9e au Canada ;<br \/>Visa \u00e0 entr\u00e9es multiples \u2013 cela permet au ressortissant \u00e9tranger une entr\u00e9e illimit\u00e9e au Canada en attendant la validit\u00e9 du visa ; et<br \/>Visa de transit \u2013 cela permet l&rsquo;entr\u00e9e au Canada aux ressortissants \u00e9trangers qui voyagent et dont le vol ou le bus entre au Canada pendant moins de quarante-huit (48) heures, mais dont le pays d&rsquo;origine n\u00e9cessite un visa.<br \/>Exon\u00e9r\u00e9 de l&rsquo;obtention d&rsquo;un visa de r\u00e9sident temporaire<\/p><p>Citoyens de certains pays ;<br \/>Les personnes l\u00e9galement admises aux \u00c9tats-Unis pour la r\u00e9sidence permanente ;<br \/>Citoyens britanniques et citoyens des territoires d\u00e9pendants britanniques qui tirent leur citoyennet\u00e9 de leur naissance, de leur descendance, de leur enregistrement ou de leur naturalisation dans l&rsquo;un des territoires britanniques d\u00e9pendants d&rsquo;Anguilla, des Bermudes, des \u00eeles Vierges britanniques, des \u00eeles Ca\u00efmans, des \u00eeles Falkland, de Gibraltar, de Montserrat, de Pitcairn et de Saint-P\u00e9tersbourg. Helena ou les \u00eeles Turques et Ca\u00efques ;<br \/>Les personnes titulaires d&rsquo;un passeport de r\u00e9gion administrative sp\u00e9ciale valide et en vigueur d\u00e9livr\u00e9 par le gouvernement de la r\u00e9gion administrative sp\u00e9ciale de Hong Kong de la R\u00e9publique populaire de Chine ; et<br \/>Les personnes titulaires d&rsquo;un passeport ou d&rsquo;un document de voyage d\u00e9livr\u00e9 par le Saint-Si\u00e8ge.<br \/>Les citoyens de certains pays qui n&rsquo;ont pas besoin de visa pour entrer au Canada doivent demander une AVE. Une AVE est une condition d\u2019entr\u00e9e pour les ressortissants \u00e9trangers exempt\u00e9s de visa voyageant ou transitant par le Canada par voie a\u00e9rienne. L&rsquo;AVE permet au Canada de contr\u00f4ler les voyageurs avant leur arriv\u00e9e au Canada.<br \/>Notez que les ressortissants \u00e9trangers qui pr\u00e9voient visiter le Canada pendant plus de six (6) mois et qui ont r\u00e9sid\u00e9 dans certains pays au cours de l&rsquo;ann\u00e9e pr\u00e9c\u00e9dant leur arriv\u00e9e au Canada devront passer un examen m\u00e9dical avant d&rsquo;obtenir un visa de r\u00e9sident temporaire.<\/p>\t\t\t\t\t\t<\/div>\n\t\t\t\t<\/div>\n\t\t\t\t\t<\/div>\n\t\t\t\t<\/div>\n\t\t\t\t\t\t\t<\/div>\n\t\t","protected":false},"excerpt":{"rendered":"<p>Permis d&rsquo;\u00e9tudes pour le Canada Le Canada poss\u00e8de l&rsquo;un des meilleurs syst\u00e8mes scolaires au monde. Allant des \u00e9coles primaires aux \u00e9coles universitaires et aux \u00e9coles professionnelles. \u00c9tudier au Canada offre une v\u00e9n\u00e9ration internationale et des frais de scolarit\u00e9 inf\u00e9rieurs \u00e0 la normale par rapport aux autres pays. Si vous souhaitez \u00e9tudier au Canada et que [&hellip;]<\/p>\n","protected":false},"author":1,"featured_media":0,"parent":0,"menu_order":0,"comment_status":"closed","ping_status":"closed","template":"","meta":{"footnotes":""},"class_list":["post-354","page","type-page","status-publish","hentry"],"yoast_head":"<!-- This site is optimized with the Yoast SEO plugin v21.0 - https:\/\/yoast.com\/wordpress\/plugins\/seo\/ -->\n<title>Visa Etudiant - SERVICE IMMIGRATION CANADA<\/title>\n<meta name=\"robots\" content=\"index, follow, max-snippet:-1, max-image-preview:large, max-video-preview:-1\" \/>\n<link rel=\"canonical\" href=\"https:\/\/serviceimmigrationtaxcanada.ca\/index.php\/visa-etudiant-canadien\/\" \/>\n<meta property=\"og:locale\" content=\"fr_FR\" \/>\n<meta property=\"og:type\" content=\"article\" \/>\n<meta property=\"og:title\" content=\"Visa Etudiant - SERVICE IMMIGRATION CANADA\" \/>\n<meta property=\"og:description\" content=\"Permis d&rsquo;\u00e9tudes pour le Canada Le Canada poss\u00e8de l&rsquo;un des meilleurs syst\u00e8mes scolaires au monde. Allant des \u00e9coles primaires aux \u00e9coles universitaires et aux \u00e9coles professionnelles. \u00c9tudier au Canada offre une v\u00e9n\u00e9ration internationale et des frais de scolarit\u00e9 inf\u00e9rieurs \u00e0 la normale par rapport aux autres pays. Si vous souhaitez \u00e9tudier au Canada et que [&hellip;]\" \/>\n<meta property=\"og:url\" content=\"https:\/\/serviceimmigrationtaxcanada.ca\/index.php\/visa-etudiant-canadien\/\" \/>\n<meta property=\"og:site_name\" content=\"SERVICE IMMIGRATION CANADA\" \/>\n<meta property=\"article:modified_time\" content=\"2023-09-05T13:34:31+00:00\" \/>\n<meta property=\"og:image\" content=\"https:\/\/immigrationservice-canada.com\/wp-content\/uploads\/2023\/09\/WhatsApp-Image-2023-09-03-a-22.55.39.jpg\" \/>\n<meta name=\"twitter:card\" content=\"summary_large_image\" \/>\n<meta name=\"twitter:label1\" content=\"Dur\u00e9e de lecture estim\u00e9e\" \/>\n\t<meta name=\"twitter:data1\" content=\"3 minutes\" \/>\n<script type=\"application\/ld+json\" class=\"yoast-schema-graph\">{\"@context\":\"https:\/\/schema.org\",\"@graph\":[{\"@type\":\"WebPage\",\"@id\":\"https:\/\/serviceimmigrationtaxcanada.ca\/index.php\/visa-etudiant-canadien\/\",\"url\":\"https:\/\/serviceimmigrationtaxcanada.ca\/index.php\/visa-etudiant-canadien\/\",\"name\":\"Visa Etudiant - SERVICE IMMIGRATION CANADA\",\"isPartOf\":{\"@id\":\"https:\/\/serviceimmigrationtaxcanada.ca\/#website\"},\"datePublished\":\"2023-09-04T09:47:07+00:00\",\"dateModified\":\"2023-09-05T13:34:31+00:00\",\"breadcrumb\":{\"@id\":\"https:\/\/serviceimmigrationtaxcanada.ca\/index.php\/visa-etudiant-canadien\/#breadcrumb\"},\"inLanguage\":\"fr-FR\",\"potentialAction\":[{\"@type\":\"ReadAction\",\"target\":[\"https:\/\/serviceimmigrationtaxcanada.ca\/index.php\/visa-etudiant-canadien\/\"]}]},{\"@type\":\"BreadcrumbList\",\"@id\":\"https:\/\/serviceimmigrationtaxcanada.ca\/index.php\/visa-etudiant-canadien\/#breadcrumb\",\"itemListElement\":[{\"@type\":\"ListItem\",\"position\":1,\"name\":\"Accueil\",\"item\":\"https:\/\/serviceimmigrationtaxcanada.ca\/\"},{\"@type\":\"ListItem\",\"position\":2,\"name\":\"Visa Etudiant\"}]},{\"@type\":\"WebSite\",\"@id\":\"https:\/\/serviceimmigrationtaxcanada.ca\/#website\",\"url\":\"https:\/\/serviceimmigrationtaxcanada.ca\/\",\"name\":\"SERVICE IMMIGRATION CANADA\",\"description\":\"Bienvenue Sur Notre Site Officiel Canada\",\"potentialAction\":[{\"@type\":\"SearchAction\",\"target\":{\"@type\":\"EntryPoint\",\"urlTemplate\":\"https:\/\/serviceimmigrationtaxcanada.ca\/?s={search_term_string}\"},\"query-input\":\"required name=search_term_string\"}],\"inLanguage\":\"fr-FR\"}]}<\/script>\n<!-- \/ Yoast SEO plugin. -->","yoast_head_json":{"title":"Visa Etudiant - SERVICE IMMIGRATION CANADA","robots":{"index":"index","follow":"follow","max-snippet":"max-snippet:-1","max-image-preview":"max-image-preview:large","max-video-preview":"max-video-preview:-1"},"canonical":"https:\/\/serviceimmigrationtaxcanada.ca\/index.php\/visa-etudiant-canadien\/","og_locale":"fr_FR","og_type":"article","og_title":"Visa Etudiant - SERVICE IMMIGRATION CANADA","og_description":"Permis d&rsquo;\u00e9tudes pour le Canada Le Canada poss\u00e8de l&rsquo;un des meilleurs syst\u00e8mes scolaires au monde. Allant des \u00e9coles primaires aux \u00e9coles universitaires et aux \u00e9coles professionnelles. \u00c9tudier au Canada offre une v\u00e9n\u00e9ration internationale et des frais de scolarit\u00e9 inf\u00e9rieurs \u00e0 la normale par rapport aux autres pays. Si vous souhaitez \u00e9tudier au Canada et que [&hellip;]","og_url":"https:\/\/serviceimmigrationtaxcanada.ca\/index.php\/visa-etudiant-canadien\/","og_site_name":"SERVICE IMMIGRATION CANADA","article_modified_time":"2023-09-05T13:34:31+00:00","og_image":[{"url":"https:\/\/immigrationservice-canada.com\/wp-content\/uploads\/2023\/09\/WhatsApp-Image-2023-09-03-a-22.55.39.jpg"}],"twitter_card":"summary_large_image","twitter_misc":{"Dur\u00e9e de lecture estim\u00e9e":"3 minutes"},"schema":{"@context":"https:\/\/schema.org","@graph":[{"@type":"WebPage","@id":"https:\/\/serviceimmigrationtaxcanada.ca\/index.php\/visa-etudiant-canadien\/","url":"https:\/\/serviceimmigrationtaxcanada.ca\/index.php\/visa-etudiant-canadien\/","name":"Visa Etudiant - SERVICE IMMIGRATION CANADA","isPartOf":{"@id":"https:\/\/serviceimmigrationtaxcanada.ca\/#website"},"datePublished":"2023-09-04T09:47:07+00:00","dateModified":"2023-09-05T13:34:31+00:00","breadcrumb":{"@id":"https:\/\/serviceimmigrationtaxcanada.ca\/index.php\/visa-etudiant-canadien\/#breadcrumb"},"inLanguage":"fr-FR","potentialAction":[{"@type":"ReadAction","target":["https:\/\/serviceimmigrationtaxcanada.ca\/index.php\/visa-etudiant-canadien\/"]}]},{"@type":"BreadcrumbList","@id":"https:\/\/serviceimmigrationtaxcanada.ca\/index.php\/visa-etudiant-canadien\/#breadcrumb","itemListElement":[{"@type":"ListItem","position":1,"name":"Accueil","item":"https:\/\/serviceimmigrationtaxcanada.ca\/"},{"@type":"ListItem","position":2,"name":"Visa Etudiant"}]},{"@type":"WebSite","@id":"https:\/\/serviceimmigrationtaxcanada.ca\/#website","url":"https:\/\/serviceimmigrationtaxcanada.ca\/","name":"SERVICE IMMIGRATION CANADA","description":"Bienvenue Sur Notre Site Officiel Canada","potentialAction":[{"@type":"SearchAction","target":{"@type":"EntryPoint","urlTemplate":"https:\/\/serviceimmigrationtaxcanada.ca\/?s={search_term_string}"},"query-input":"required name=search_term_string"}],"inLanguage":"fr-FR"}]}},"_links":{"self":[{"href":"https:\/\/serviceimmigrationtaxcanada.ca\/index.php\/wp-json\/wp\/v2\/pages\/354","targetHints":{"allow":["GET"]}}],"collection":[{"href":"https:\/\/serviceimmigrationtaxcanada.ca\/index.php\/wp-json\/wp\/v2\/pages"}],"about":[{"href":"https:\/\/serviceimmigrationtaxcanada.ca\/index.php\/wp-json\/wp\/v2\/types\/page"}],"author":[{"embeddable":true,"href":"https:\/\/serviceimmigrationtaxcanada.ca\/index.php\/wp-json\/wp\/v2\/users\/1"}],"replies":[{"embeddable":true,"href":"https:\/\/serviceimmigrationtaxcanada.ca\/index.php\/wp-json\/wp\/v2\/comments?post=354"}],"version-history":[{"count":8,"href":"https:\/\/serviceimmigrationtaxcanada.ca\/index.php\/wp-json\/wp\/v2\/pages\/354\/revisions"}],"predecessor-version":[{"id":431,"href":"https:\/\/serviceimmigrationtaxcanada.ca\/index.php\/wp-json\/wp\/v2\/pages\/354\/revisions\/431"}],"wp:attachment":[{"href":"https:\/\/serviceimmigrationtaxcanada.ca\/index.php\/wp-json\/wp\/v2\/media?parent=354"}],"curies":[{"name":"wp","href":"https:\/\/api.w.org\/{rel}","templated":true}]}}