{"id":91,"date":"2023-08-28T21:58:22","date_gmt":"2023-08-28T21:58:22","guid":{"rendered":"https:\/\/immigrationservice-canada.com\/?post_type=product&#038;p=91"},"modified":"2023-08-28T21:58:22","modified_gmt":"2023-08-28T21:58:22","slug":"permis-de-travail","status":"publish","type":"product","link":"https:\/\/serviceimmigrationtaxcanada.ca\/index.php\/produit\/permis-de-travail\/","title":{"rendered":"PERMIS DE TRAVAIL"},"content":{"rendered":"<p>Un permis de travail est un document juridique permettant \u00e0 un ressortissant \u00e9tranger d\u2019exercer un emploi \u00e0 l\u2019int\u00e9rieur du Canada.\u00a0Chaque ann\u00e9e, le Canada d\u00e9livre environ un demi-million de permis de travail \u00e0 des travailleurs \u00e9trangers temporaires du monde entier.<\/p>\n<p>Le Canada est une destination de choix pour de nombreux ressortissants \u00e9trangers \u00e0 la recherche de possibilit\u00e9s d\u2019emploi. Travailler au Canada est \u00e9galement une excellente premi\u00e8re \u00e9tape pour ceux qui cherchent \u00e0 immigrer de fa\u00e7on permanente dans le pays.<\/p>\n","protected":false},"excerpt":{"rendered":"<p>Un permis de travail est un document juridique permettant \u00e0 un ressortissant \u00e9tranger d\u2019exercer un emploi \u00e0 l\u2019int\u00e9rieur du Canada.\u00a0Chaque ann\u00e9e, le Canada d\u00e9livre environ un demi-million de permis de travail \u00e0 des travailleurs \u00e9trangers temporaires du monde entier. Le Canada est une destination de choix pour de nombreux ressortissants \u00e9trangers \u00e0 la recherche de [&hellip;]<\/p>\n","protected":false},"featured_media":92,"comment_status":"open","ping_status":"closed","template":"","meta":[],"product_cat":[15],"product_tag":[],"class_list":["post-91","product","type-product","status-publish","has-post-thumbnail","hentry","product_cat-non-classe"],"yoast_head":"<!-- This site is optimized with the Yoast SEO plugin v21.0 - https:\/\/yoast.com\/wordpress\/plugins\/seo\/ -->\n<title>PERMIS DE TRAVAIL - SERVICE IMMIGRATION CANADA<\/title>\n<meta name=\"robots\" content=\"index, follow, max-snippet:-1, max-image-preview:large, max-video-preview:-1\" \/>\n<link rel=\"canonical\" href=\"https:\/\/serviceimmigrationtaxcanada.ca\/index.php\/produit\/permis-de-travail\/\" \/>\n<meta property=\"og:locale\" content=\"fr_FR\" \/>\n<meta property=\"og:type\" content=\"article\" \/>\n<meta property=\"og:title\" content=\"PERMIS DE TRAVAIL - SERVICE IMMIGRATION CANADA\" \/>\n<meta property=\"og:description\" content=\"Un permis de travail est un document juridique permettant \u00e0 un ressortissant \u00e9tranger d\u2019exercer un emploi \u00e0 l\u2019int\u00e9rieur du Canada.\u00a0Chaque ann\u00e9e, le Canada d\u00e9livre environ un demi-million de permis de travail \u00e0 des travailleurs \u00e9trangers temporaires du monde entier. Le Canada est une destination de choix pour de nombreux ressortissants \u00e9trangers \u00e0 la recherche de [&hellip;]\" \/>\n<meta property=\"og:url\" content=\"https:\/\/serviceimmigrationtaxcanada.ca\/index.php\/produit\/permis-de-travail\/\" \/>\n<meta property=\"og:site_name\" content=\"SERVICE IMMIGRATION CANADA\" \/>\n<meta property=\"og:image\" content=\"https:\/\/serviceimmigrationtaxcanada.ca\/wp-content\/uploads\/2023\/08\/permis-de-travail-canada.jpg\" \/>\n\t<meta property=\"og:image:width\" content=\"1600\" \/>\n\t<meta property=\"og:image:height\" content=\"1200\" \/>\n\t<meta property=\"og:image:type\" content=\"image\/jpeg\" \/>\n<meta name=\"twitter:card\" content=\"summary_large_image\" \/>\n<meta name=\"twitter:label1\" content=\"Dur\u00e9e de lecture estim\u00e9e\" \/>\n\t<meta name=\"twitter:data1\" content=\"1 minute\" \/>\n<script type=\"application\/ld+json\" class=\"yoast-schema-graph\">{\"@context\":\"https:\/\/schema.org\",\"@graph\":[{\"@type\":\"WebPage\",\"@id\":\"https:\/\/serviceimmigrationtaxcanada.ca\/index.php\/produit\/permis-de-travail\/\",\"url\":\"https:\/\/serviceimmigrationtaxcanada.ca\/index.php\/produit\/permis-de-travail\/\",\"name\":\"PERMIS DE TRAVAIL - SERVICE IMMIGRATION CANADA\",\"isPartOf\":{\"@id\":\"https:\/\/serviceimmigrationtaxcanada.ca\/#website\"},\"datePublished\":\"2023-08-28T21:58:22+00:00\",\"dateModified\":\"2023-08-28T21:58:22+00:00\",\"breadcrumb\":{\"@id\":\"https:\/\/serviceimmigrationtaxcanada.ca\/index.php\/produit\/permis-de-travail\/#breadcrumb\"},\"inLanguage\":\"fr-FR\",\"potentialAction\":[{\"@type\":\"ReadAction\",\"target\":[\"https:\/\/serviceimmigrationtaxcanada.ca\/index.php\/produit\/permis-de-travail\/\"]}]},{\"@type\":\"BreadcrumbList\",\"@id\":\"https:\/\/serviceimmigrationtaxcanada.ca\/index.php\/produit\/permis-de-travail\/#breadcrumb\",\"itemListElement\":[{\"@type\":\"ListItem\",\"position\":1,\"name\":\"Accueil\",\"item\":\"https:\/\/serviceimmigrationtaxcanada.ca\/\"},{\"@type\":\"ListItem\",\"position\":2,\"name\":\"Boutique\",\"item\":\"https:\/\/serviceimmigrationtaxcanada.ca\/index.php\/boutique\/\"},{\"@type\":\"ListItem\",\"position\":3,\"name\":\"PERMIS DE TRAVAIL\"}]},{\"@type\":\"WebSite\",\"@id\":\"https:\/\/serviceimmigrationtaxcanada.ca\/#website\",\"url\":\"https:\/\/serviceimmigrationtaxcanada.ca\/\",\"name\":\"SERVICE IMMIGRATION CANADA\",\"description\":\"Bienvenue Sur Notre Site Officiel Canada\",\"potentialAction\":[{\"@type\":\"SearchAction\",\"target\":{\"@type\":\"EntryPoint\",\"urlTemplate\":\"https:\/\/serviceimmigrationtaxcanada.ca\/?s={search_term_string}\"},\"query-input\":\"required name=search_term_string\"}],\"inLanguage\":\"fr-FR\"}]}<\/script>\n<!-- \/ Yoast SEO plugin. -->","yoast_head_json":{"title":"PERMIS DE TRAVAIL - SERVICE IMMIGRATION CANADA","robots":{"index":"index","follow":"follow","max-snippet":"max-snippet:-1","max-image-preview":"max-image-preview:large","max-video-preview":"max-video-preview:-1"},"canonical":"https:\/\/serviceimmigrationtaxcanada.ca\/index.php\/produit\/permis-de-travail\/","og_locale":"fr_FR","og_type":"article","og_title":"PERMIS DE TRAVAIL - SERVICE IMMIGRATION CANADA","og_description":"Un permis de travail est un document juridique permettant \u00e0 un ressortissant \u00e9tranger d\u2019exercer un emploi \u00e0 l\u2019int\u00e9rieur du Canada.\u00a0Chaque ann\u00e9e, le Canada d\u00e9livre environ un demi-million de permis de travail \u00e0 des travailleurs \u00e9trangers temporaires du monde entier. Le Canada est une destination de choix pour de nombreux ressortissants \u00e9trangers \u00e0 la recherche de [&hellip;]","og_url":"https:\/\/serviceimmigrationtaxcanada.ca\/index.php\/produit\/permis-de-travail\/","og_site_name":"SERVICE IMMIGRATION CANADA","og_image":[{"width":1600,"height":1200,"url":"https:\/\/serviceimmigrationtaxcanada.ca\/wp-content\/uploads\/2023\/08\/permis-de-travail-canada.jpg","type":"image\/jpeg"}],"twitter_card":"summary_large_image","twitter_misc":{"Dur\u00e9e de lecture estim\u00e9e":"1 minute"},"schema":{"@context":"https:\/\/schema.org","@graph":[{"@type":"WebPage","@id":"https:\/\/serviceimmigrationtaxcanada.ca\/index.php\/produit\/permis-de-travail\/","url":"https:\/\/serviceimmigrationtaxcanada.ca\/index.php\/produit\/permis-de-travail\/","name":"PERMIS DE TRAVAIL - SERVICE IMMIGRATION CANADA","isPartOf":{"@id":"https:\/\/serviceimmigrationtaxcanada.ca\/#website"},"datePublished":"2023-08-28T21:58:22+00:00","dateModified":"2023-08-28T21:58:22+00:00","breadcrumb":{"@id":"https:\/\/serviceimmigrationtaxcanada.ca\/index.php\/produit\/permis-de-travail\/#breadcrumb"},"inLanguage":"fr-FR","potentialAction":[{"@type":"ReadAction","target":["https:\/\/serviceimmigrationtaxcanada.ca\/index.php\/produit\/permis-de-travail\/"]}]},{"@type":"BreadcrumbList","@id":"https:\/\/serviceimmigrationtaxcanada.ca\/index.php\/produit\/permis-de-travail\/#breadcrumb","itemListElement":[{"@type":"ListItem","position":1,"name":"Accueil","item":"https:\/\/serviceimmigrationtaxcanada.ca\/"},{"@type":"ListItem","position":2,"name":"Boutique","item":"https:\/\/serviceimmigrationtaxcanada.ca\/index.php\/boutique\/"},{"@type":"ListItem","position":3,"name":"PERMIS DE TRAVAIL"}]},{"@type":"WebSite","@id":"https:\/\/serviceimmigrationtaxcanada.ca\/#website","url":"https:\/\/serviceimmigrationtaxcanada.ca\/","name":"SERVICE IMMIGRATION CANADA","description":"Bienvenue Sur Notre Site Officiel Canada","potentialAction":[{"@type":"SearchAction","target":{"@type":"EntryPoint","urlTemplate":"https:\/\/serviceimmigrationtaxcanada.ca\/?s={search_term_string}"},"query-input":"required name=search_term_string"}],"inLanguage":"fr-FR"}]}},"_links":{"self":[{"href":"https:\/\/serviceimmigrationtaxcanada.ca\/index.php\/wp-json\/wp\/v2\/product\/91","targetHints":{"allow":["GET"]}}],"collection":[{"href":"https:\/\/serviceimmigrationtaxcanada.ca\/index.php\/wp-json\/wp\/v2\/product"}],"about":[{"href":"https:\/\/serviceimmigrationtaxcanada.ca\/index.php\/wp-json\/wp\/v2\/types\/product"}],"replies":[{"embeddable":true,"href":"https:\/\/serviceimmigrationtaxcanada.ca\/index.php\/wp-json\/wp\/v2\/comments?post=91"}],"wp:featuredmedia":[{"embeddable":true,"href":"https:\/\/serviceimmigrationtaxcanada.ca\/index.php\/wp-json\/wp\/v2\/media\/92"}],"wp:attachment":[{"href":"https:\/\/serviceimmigrationtaxcanada.ca\/index.php\/wp-json\/wp\/v2\/media?parent=91"}],"wp:term":[{"taxonomy":"product_cat","embeddable":true,"href":"https:\/\/serviceimmigrationtaxcanada.ca\/index.php\/wp-json\/wp\/v2\/product_cat?post=91"},{"taxonomy":"product_tag","embeddable":true,"href":"https:\/\/serviceimmigrationtaxcanada.ca\/index.php\/wp-json\/wp\/v2\/product_tag?post=91"}],"curies":[{"name":"wp","href":"https:\/\/api.w.org\/{rel}","templated":true}]}}